-12)*3/2. Suppose y - 2*c - v = 0, 4*y = -3*c + 2*c + 329. Calculate the remainder when y is divided by j.
20
Let x(h) = h**3 + 32*h**2 + 31*h + 79. Let j be (-9)/(-6)*8/3. Suppose -39 - 125 = -j*d. Calculate the remainder when x(-31) is divided by d.
38
Let w(g) = g**2 + 11*g - 4. Let d be w(-9). Let r = d + 19. What is the remainder when (6 + r)*(-34)/(-6) is divided by 4?
1
Let a(c) = c**3 + 9*c**2 + 8*c + 10. Calculate the remainder when 204 is divided by a(-6).
64
Suppose -299 = -8*q - 5*q. Suppose -2*h - 6 = -4*h. Calculate the remainder when q is divided by h.
2
Let r = 10 + -18. Let o(w) = w**2 + 7*w - 4. Let m be o(r). Suppose -72 = -6*q + m*q. Calculate the remainder when 69 is divided by q.
33
Suppose -4*c - h - 4 = 0, -3*c - h - 2*h - 3 = 0. Suppose 7*n + 352 = 39*n. What is the remainder when (26 - 3) + c + -1 is divided by n?
10
Suppose -115 = -3*j + 5*v, -v - 12 = -4*v. Let b = 94 - j. Calculate the remainder when b is divided by 13.
10
Let y(f) = -307*f - 13. What is the remainder when y(-1) is divided by 27?
24
Suppose 0 = -3*f + 2*v - 18 + 77, f = 2*v + 25. Let z = 183 + -49. What is the remainder when z is divided by f?
15
Calculate the remainder when 263 is divided by (-336)/(-10) + 117/(-195).
32
Let t(a) = 3*a**2 + 5*a + 2. Let m = 858 - 818. Calculate the remainder when m is divided by t(-3).
12
Suppose -q + 2*i - i = 63, -i - 61 = q. Let o = -174 - q. Calculate the remainder when 31 is divided by ((-6)/(-7))/((-12)/o).
7
Let z(o) = -4*o**2 + 89*o - 68. What is the remainder when z(21) is divided by 21?
16
Let a(h) = h**2 - 2*h. Suppose -2*t = -12 - 2. Suppose 20 = 4*i, -4*g - 166 = -t*g + i. What is the remainder when g is divided by a(-3)?
12
Let u = -6 + 10. Suppose 3*g = -5*o + 55, -5*g = -0*o + o + 11. Calculate the remainder when o is divided by u.
2
Let y = -34 + 59. Let g(z) = 2*z**2 + 2*z - 7. Let s be g(-3). Suppose -15 = -s*v, -y = -3*x + 3*v + 47. What is the remainder when x is divided by 8?
3
Let m = 148 - 75. Let j = m + -47. Suppose 5*z = -4*k + z + 284, -2*k + 4*z + 172 = 0. Calculate the remainder when k is divided by j.
24
Calculate the remainder when 5/(-10)*-172 + -5 is divided by 35.
11
Suppose -4*h - 1 = -5*h. Let x be (7 - h)*2/4. Suppose 4*g + x*d - 8*d = 166, -4*g - 4*d + 184 = 0. What is the remainder when g is divided by 12?
8
Let p(l) = 4*l**2 + 15*l + 9. What is the remainder when p(-9) is divided by 10?
8
Suppose 0 = 12*p - p - 187. Suppose k - 2*k = 3, -2*k = -3*h - 12. Calculate the remainder when h/(-3) + -3 - -34 is divided by p.
16
Let k(i) = -20*i**2 + i - 1. Let w be k(1). Let u = 26 + w. Calculate the remainder when u is divided by (-5 + 0)*6/(-15).
0
Calculate the remainder when ((-24)/3 - -100) + 4 is divided by 20.
16
Suppose 0 = 3*v + 3, -3*v - 1089 = 15*i - 17*i. Calculate the remainder when i is divided by 32.
31
Suppose 11*r = -15*r + 416. What is the remainder when 78 is divided by r?
14
Suppose -3*a - 2*m + 59 = 0, -2*m = -m - 1. Suppose d - 7*d - 36 = 0. What is the remainder when (1 + 146/d)*(-9)/6 is divided by a?
16
Let v(g) = g**2 + 5*g + 2. Let y be v(-5). What is the remainder when 31 is divided by ((2 - -16) + 0)/y?
4
Let f be (-6)/(-9) - (4/(-6))/(-1). Suppose -3*n = -2*n - v - 26, f = 2*v + 8. Calculate the remainder when 41 is divided by n.
19
Suppose -n - 5*y - 1 = -2, 4*y + 22 = 3*n. Let r = n + 8. What is the remainder when 25 is divided by r?
11
Let x(f) be the third derivative of -f**5/60 - 11*f**4/24 + 11*f**3/6 + 2*f**2. What is the remainder when x(-9) is divided by 15?
14
Suppose -3*g - j = -4*g + 8, -2*g + 5*j = -31. Suppose 0 = -5*x - 2*t + 25 + g, -3*t + 32 = 5*x. Calculate the remainder when (-15)/(-10)*22/3 is divided by x.
3
Let k be ((-6)/9)/((-2)/6). Let w(q) = -q**3 + q - 4*q**2 + 3*q + 1 + k*q - 4*q**2. What is the remainder when w(-9) is divided by 10?
8
Let c(t) = -t**2 - 7*t + 8. Let s be c(-7). Suppose -5*q + 19 = 5*m + 4, -3*q = -5*m - 25. Calculate the remainder when 12*(s/3)/4 is divided by q.
3
Let s(w) = -2*w**3 + 15*w**2 + 17*w - 37. What is the remainder when 1153 is divided by s(8)?
33
Let j be ((160/(-12))/(-5))/(2/9). Calculate the remainder when 28/j + 2*3/(-18) is divided by 1.
0
Let h(g) = 91*g - 263. Calculate the remainder when (-676)/(-14) + 2/(-7) is divided by h(3).
8
Suppose 0 = 2*r + 5*c + 9, 4*r + 2*c + 3 = 3*r. Calculate the remainder when r - ((1 - -1) + -60) is divided by 16.
13
Let z(c) = c**3 - 6*c**2 + 3*c + 12. Calculate the remainder when 17 is divided by z(5).
1
Suppose 0 = 4*u + 4*b - 3*b - 236, 4*u - 2*b - 236 = 0. Let n = u - -120. What is the remainder when n is divided by 20?
19
Let q(v) = -10*v - 1. Let w be q(3). Let r = w + 51. Calculate the remainder when r is divided by 8.
4
Let m = 1933 - 1787. Calculate the remainder when m is divided by 17.
10
Let a = 17 + -25. Suppose 0 = 3*y - 2*o - 2*o - 61, 4*y - 102 = -5*o. Let v = a + y. What is the remainder when v is divided by 8?
7
Let v(q) = -136*q - 922. Calculate the remainder when v(-8) is divided by 159.
7
Suppose 0 = 2*a, 0*t - 3*a = -2*t + 28. Suppose 2*c - 4*p = -2*c - 656, -4*p - 298 = 2*c. What is the remainder when (-6)/9*c/2 is divided by t?
11
Suppose 21 = z - 15*q + 18*q, 5*q = z - 45. Calculate the remainder when 629 is divided by z.
29
Let n be (24/(-16))/((-3)/4). Let r(l) = l**3 - 5*l**2 - l + 34 + 4*l**n + 1. Calculate the remainder when r(0) is divided by 9.
8
Let f = -34 - -70. Let z(g) = 4*g - 3. What is the remainder when 9*(6/f + 2/4) is divided by z(2)?
1
Suppose 5*g = -2*h + 84, -5*h + 90 = 5*g - 0*g. Let x = -15 - -78. What is the remainder when x is divided by g?
15
Let b = -17 - -21. Suppose 0 = -4*h + 5*v + 82, 0 = 5*h - 2*v - 123 + 29. Calculate the remainder when h is divided by b.
2
Let h(g) = -37*g**2 + g + 1. Let p be h(-1). Let t = -27 - p. Calculate the remainder when 49 is divided by t.
9
Let z(q) = -q + 3. Let x(p) = -2*p + 7. Let n be x(8). Calculate the remainder when z(n) is divided by 3.
0
Let v(o) = -23*o - 45. What is the remainder when v(-5) is divided by 39?
31
What is the remainder when (-5 - -9) + 2/(-4)*-118 is divided by 13?
11
Let q = 1 + 22. Let r(c) = 4 - 2 - 4*c**3 + 21*c**2 - c - q*c**2. What is the remainder when 55 is divided by r(-2)?
27
Suppose 147*b = 150*b - 21. Calculate the remainder when 21 is divided by (b + -5)*(-26)/(-4).
8
Let d be (-3)/(2 + 1)*-3. Suppose 4*a = -2*u + 182, -d*u + 2*u - a + 86 = 0. Let j = 5 + 23. What is the remainder when u is divided by j?
25
Let l(z) = -z**3 + z**2 + 2*z - 23. Let w(u) = u + 19. Let a be w(-24). Calculate the remainder when l(a) is divided by 20.
17
Suppose -2*y = 5*b - 478, 4*b - 3*b - 99 = 3*y. What is the remainder when b is divided by 5?
1
Let s(v) = -2*v - 18. Suppose -3*d + 2*f = 43, 5*d + f + 15 = -35. What is the remainder when 14 is divided by s(d)?
2
Let k = -109 + 70. Let r = k + 47. What is the remainder when 29 is divided by r?
5
What is the remainder when (-27)/(-6)*40/6 is divided by 24/15*(-1)/2*-15 + -6?
0
Let q(z) = -z**2 + 6*z - 8. Let a be q(8). Let n = -18 - a. What is the remainder when 2/n*(47 - -7) is divided by 10?
8
Let x be 7/((-126)/(-48))*(-3)/(-2). Calculate the remainder when 2 - x/((-8)/138) is divided by 37.
34
Suppose -30*k + 33*k = 255. What is the remainder when k is divided by (58/6)/(4/12)?
27
Suppose 5*o + 12 = 32. Suppose -o*h + 3*n = -77, h + n - 14 = -0*n. What is the remainder when 2 + (118 - 0)/(-6 - -8) is divided by h?
10
Let q(y) = 23*y - 69. What is the remainder when q(9) is divided by 29?
22
Suppose 259 = 8*r - 381. What is the remainder when r is divided by 28?
24
Let z = -393 - -412. Let s = -24 + 34. What is the remainder when z is divided by s?
9
Suppose 3 = -2*k + w, -w = -3*k - 4*w. Let z be (-1)/((-5 - k)/12). Suppose 0 = -z*q + 5*q - 94. Calculate the remainder when q is divided by 10.
7
Calculate the remainder when 75 is divided by -2 + 2 - 176/(-8).
9
Let b(d) = -2*d**2 + 21*d + 8. Let y be b(14). Let a = 100 + y. Let q = 35 - -2. What is the remainder when q is divided by a?
7
Let m(z) = -8*z + 84. Calculate the remainder when 21 is divided by m(9).
9
Let a(l) = l - 2. Let h be a(4). Suppose -h*x - 562 = -3*p, x = -p + 5*x + 204. Let r = p + -110. Calculate the remainder when r is divid